{"id":66,"date":"2020-12-09T11:38:29","date_gmt":"2020-12-09T10:38:29","guid":{"rendered":"https:\/\/test.forumprowallisellen.ch\/wordpress\/?page_id=66"},"modified":"2021-10-03T14:15:30","modified_gmt":"2021-10-03T13:15:30","slug":"positionen","status":"publish","type":"page","link":"https:\/\/www.forumprowallisellen.ch\/index.php\/positionen\/","title":{"rendered":"Positionen"},"content":{"rendered":"\n<p>Im Jahr 2000 von EVP und SP gegr\u00fcndet, war das Forum als breitere Basis gedacht: Parteilose und Mitte-Links-Parteien treten gemeinsam gegen den B\u00fcrgerblock an. Heute ist das Forum ein selbst\u00e4ndiger politischer Verein, der allen offensteht, welche das Ideal einer fairen und sachbezogenen politischen Kultur mittragen. Insofern bietet es Parteilosen einen niederschwelligen Zugang zur Kommunalpolitik und stellt gleichzeitig die Organisation f\u00fcr ein lokalpolitisches B\u00fcndnis aus Einzelmitgliedern von Mitte-Links-Gr\u00fcn. <\/p>\n\n\n\n<p><strong>Unsere Ziele<\/strong><\/p>\n\n\n\n<ul class=\"wp-block-list\"><li>Soziale, nachhaltige, finanziell tragbare L\u00f6sungen zu aktuellen, politischen Fragen finden <\/li><li>Eine faire politische Kultur in Wallisellen f\u00f6rdern und festigen<\/li><li>F\u00e4hige, ganzheitlich denkende und integre Pers\u00f6nlichkeiten f\u00fcr Kandidaturen aufstellen<\/li><li>Interessierten Walliseller:innen einen niederschwelligen Zugang zur Lokalpolitik bieten<\/li><\/ul>\n\n\n\n<p><strong>Unser Leitbild<\/strong><\/p>\n\n\n\n<div data-wp-interactive=\"core\/file\" class=\"wp-block-file\"><object data-wp-bind--hidden=\"!state.hasPdfPreview\" hidden class=\"wp-block-file__embed\" data=\"https:\/\/forumprowallisellen.ch\/wp-content\/uploads\/2021\/10\/Leitbild.pdf\" type=\"application\/pdf\" style=\"width:100%;height:600px\" aria-label=\"Einbettung von Einbettung von Leitbild..\"><\/object><a href=\"https:\/\/forumprowallisellen.ch\/wp-content\/uploads\/2021\/10\/Leitbild.pdf\">Leitbild<\/a><a href=\"https:\/\/forumprowallisellen.ch\/wp-content\/uploads\/2021\/10\/Leitbild.pdf\" class=\"wp-block-file__button\" download>Herunterladen<\/a><\/div>\n\n\n\n<h3 class=\"wp-block-heading\" id=\"Sozial\">Sozial<\/h3>\n\n\n\n<p>Es sind die Bed\u00fcrfnisse der verschiedenen Generationen der Walliseller Bev\u00f6lkerung, die uns bewegen und interessieren. Wir wollen die Stadt- und Schulpolitik so mitgestalten, dass sie sozialvertr\u00e4glich ist, R\u00fccksicht nimmt auf die unterschiedlichen Bed\u00fcrfnisse und niederschwellige Angebote f\u00f6rdert. <\/p>\n\n\n\n<h3 class=\"wp-block-heading\" id=\"Nachhaltig\">Nachhaltig<\/h3>\n\n\n\n<p>Das Naherholungsgebiet pflegen, Gr\u00fcnfl\u00e4chen ausbauen und umsichtig mit den zur Verf\u00fcgung stehenden Ressourcen umgehen &#8211; daf\u00fcr setzen wir uns ein.   <\/p>\n\n\n\n<h3 class=\"wp-block-heading\" id=\"Liberal\">Liberal<\/h3>\n\n\n\n<p>Wir behalten die Gemeindefinanzen im Auge. Wir w\u00e4gen Kosten und Nutzen von Investitionen mit Fokus auf eine  zukunftsgerichtete Entwicklung von Wallisellen ab.<\/p>\n","protected":false},"excerpt":{"rendered":"<p>Im Jahr 2000 von EVP und SP gegr\u00fcndet, war das Forum als breitere Basis gedacht: Parteilose und Mitte-Links-Parteien treten gemeinsam gegen den B\u00fcrgerblock an. Heute ist das Forum ein selbst\u00e4ndiger politischer Verein, der allen offensteht, welche das Ideal einer fairen und sachbezogenen politischen Kultur mittragen. Insofern bietet es Parteilosen einen niederschwelligen Zugang zur Kommunalpolitik und [&hellip;]<\/p>\n","protected":false},"author":1,"featured_media":0,"parent":0,"menu_order":0,"comment_status":"closed","ping_status":"closed","template":"","meta":{"footnotes":""},"class_list":["post-66","page","type-page","status-publish","hentry"],"_links":{"self":[{"href":"https:\/\/www.forumprowallisellen.ch\/index.php\/wp-json\/wp\/v2\/pages\/66","targetHints":{"allow":["GET"]}}],"collection":[{"href":"https:\/\/www.forumprowallisellen.ch\/index.php\/wp-json\/wp\/v2\/pages"}],"about":[{"href":"https:\/\/www.forumprowallisellen.ch\/index.php\/wp-json\/wp\/v2\/types\/page"}],"author":[{"embeddable":true,"href":"https:\/\/www.forumprowallisellen.ch\/index.php\/wp-json\/wp\/v2\/users\/1"}],"replies":[{"embeddable":true,"href":"https:\/\/www.forumprowallisellen.ch\/index.php\/wp-json\/wp\/v2\/comments?post=66"}],"version-history":[{"count":13,"href":"https:\/\/www.forumprowallisellen.ch\/index.php\/wp-json\/wp\/v2\/pages\/66\/revisions"}],"predecessor-version":[{"id":916,"href":"https:\/\/www.forumprowallisellen.ch\/index.php\/wp-json\/wp\/v2\/pages\/66\/revisions\/916"}],"wp:attachment":[{"href":"https:\/\/www.forumprowallisellen.ch\/index.php\/wp-json\/wp\/v2\/media?parent=66"}],"curies":[{"name":"wp","href":"https:\/\/api.w.org\/{rel}","templated":true}]}}