{"id":613,"date":"2021-01-11T21:56:25","date_gmt":"2021-01-11T20:56:25","guid":{"rendered":"https:\/\/test.forumprowallisellen.ch\/wordpress\/?page_id=613"},"modified":"2021-01-11T21:56:25","modified_gmt":"2021-01-11T20:56:25","slug":"nutzungsbedingungen","status":"publish","type":"page","link":"https:\/\/www.forumprowallisellen.ch\/index.php\/nutzungsbedingungen\/","title":{"rendered":"Nutzungsbedingungen"},"content":{"rendered":"\n<h2 class=\"wp-block-heading\">Wichtiger Hinweis<\/h2>\n\n\n\n<p>F\u00fcr eine korrekte Darstellung dieser Website muss JavaScript in Ihrem Browser aktiviert sein &#8211; wir bitten Sie um Verst\u00e4ndnis.<\/p>\n\n\n\n<h2 class=\"wp-block-heading\">Haftungsbeschr\u00e4nkungen<\/h2>\n\n\n\n<p>Das Forum pro Wallisellen schliesst uneingeschr\u00e4nkt jede Haftung f\u00fcr Verluste bzw. Sch\u00e4den irgendwelcher Art aus &#8211; sei es f\u00fcr direkte, indirekte oder Folgesch\u00e4den -, die sich aus der Ben\u00fctzung der bzw. des Zugriffs auf die Website des Forums pro Wallisellen oder aus Links zu Websites Dritter ergeben sollten.<\/p>\n\n\n\n<p>Zudem lehnt das Forum pro Wallisellen jede Haftung f\u00fcr Manipulationen am EDV-System des Internet-Benutzers durch Unbefugte ab. Dabei weist das Forum pro Wallisellen ausdr\u00fccklich auf die Gefahr von Viren und die M\u00f6glichkeit gezielter Hackingangriffe hin. Zwecks Virenbek\u00e4mpfung empfiehlt sich die Verwendung von aktuellen Browser-Versionen sowie die Installation von laufend aktualisierter Anti-Virensoftware. Auf das \u00d6ffnen von E-Mails unbekannter Herkunft und nicht erwarteter Anh\u00e4nge eines E-Mails sollte grunds\u00e4tzlich verzichtet werden.<\/p>\n\n\n\n<h2 class=\"wp-block-heading\">Verkn\u00fcpfte Websites (Links)<\/h2>\n\n\n\n<p>Gewisse Links auf der Homepage des Forums pro Wallisellen k\u00f6nnen zu Websites Dritter f\u00fchren. Diese sind dem Einfluss des Forums pro Wallisellen vollst\u00e4ndig entzogen, weshalb das Forum pro Wallisellen f\u00fcr Richtigkeit, Vollst\u00e4ndigkeit und Rechtm\u00e4ssigkeit des Inhalts solcher Websites sowie f\u00fcr allf\u00e4llige darauf enthaltene Angebote und (Dienst-)Leistungen keinerlei Verantwortung \u00fcbernimmt.<\/p>\n\n\n\n<h2 class=\"wp-block-heading\">Benutzung der Forum pro Wallisellen-Website<\/h2>\n\n\n\n<p>Der gesamte Inhalt der Website des Forums pro Wallisellen ist urheberrechtlich gesch\u00fctzt. Das Abspeichern oder Ausdrucken einzelner Seiten und\/oder Teilbereiche der Forum pro Wallisellen-Website ist gestattet, sofern weder die Copyrightvermerke noch andere gesetzlich gesch\u00fctzte Bezeichnungen entfernt werden. Mit dem Abspeichern oder anderweitigem Vervielf\u00e4ltigen von Software oder sonstiger Daten auf der Website des Forums pro Wallisellen gelten die jeweiligen Benutzungsbestimmungen als akzeptiert. S\u00e4mtliche Eigentumsrechte verbleiben beim Forum pro Wallisellen. Das (vollst\u00e4ndige oder teilweise) Reproduzieren, \u00dcbermitteln (elektronisch oder mit anderen Mitteln), Modifizieren, Verkn\u00fcpfen oder Benutzen der Forum pro Wallisellen-Website f\u00fcr \u00f6ffentliche oder kommerzielle Zwecke ist mit vorheriger, schriftlicher Zustimmung des Forums pro Wallisellen erlaubt.<\/p>\n\n\n\n<p>\u00a9 2005 Forum pro Wallisellen &#8211; alle Rechte vorbehalten.<\/p>\n\n\n\n<p>Letzte Aktualisierung dieser Policy: 29. November 2005<\/p>\n","protected":false},"excerpt":{"rendered":"<p>Wichtiger Hinweis F\u00fcr eine korrekte Darstellung dieser Website muss JavaScript in Ihrem Browser aktiviert sein &#8211; wir bitten Sie um Verst\u00e4ndnis. Haftungsbeschr\u00e4nkungen Das Forum pro Wallisellen schliesst uneingeschr\u00e4nkt jede Haftung f\u00fcr Verluste bzw. Sch\u00e4den irgendwelcher Art aus &#8211; sei es f\u00fcr direkte, indirekte oder Folgesch\u00e4den -, die sich aus der Ben\u00fctzung der bzw. des Zugriffs [&hellip;]<\/p>\n","protected":false},"author":1,"featured_media":0,"parent":0,"menu_order":0,"comment_status":"closed","ping_status":"closed","template":"","meta":{"footnotes":""},"class_list":["post-613","page","type-page","status-publish","hentry"],"_links":{"self":[{"href":"https:\/\/www.forumprowallisellen.ch\/index.php\/wp-json\/wp\/v2\/pages\/613","targetHints":{"allow":["GET"]}}],"collection":[{"href":"https:\/\/www.forumprowallisellen.ch\/index.php\/wp-json\/wp\/v2\/pages"}],"about":[{"href":"https:\/\/www.forumprowallisellen.ch\/index.php\/wp-json\/wp\/v2\/types\/page"}],"author":[{"embeddable":true,"href":"https:\/\/www.forumprowallisellen.ch\/index.php\/wp-json\/wp\/v2\/users\/1"}],"replies":[{"embeddable":true,"href":"https:\/\/www.forumprowallisellen.ch\/index.php\/wp-json\/wp\/v2\/comments?post=613"}],"version-history":[{"count":1,"href":"https:\/\/www.forumprowallisellen.ch\/index.php\/wp-json\/wp\/v2\/pages\/613\/revisions"}],"predecessor-version":[{"id":614,"href":"https:\/\/www.forumprowallisellen.ch\/index.php\/wp-json\/wp\/v2\/pages\/613\/revisions\/614"}],"wp:attachment":[{"href":"https:\/\/www.forumprowallisellen.ch\/index.php\/wp-json\/wp\/v2\/media?parent=613"}],"curies":[{"name":"wp","href":"https:\/\/api.w.org\/{rel}","templated":true}]}}